2.
-3
11 + 1 + (-18 - -11)
5
What is the value of 0 + -7 - (-9 + 4)?
-2
What is the value of -1 - -7 - 12 - -4?
-2
Calculate -7 - -1 - (-7 + 5 + -1).
-3
What is the value of -3 - (-4 + 4 + -3 + 3)?
-3
Calculate -2 + 4 + 8 + -2 - 6.
2
Evaluate (1 - -1) + -2 + -3 + 2.
-1
What is the value of (-1 - 0) + 1 - -2?
2
What is -2 + (15 - 4 - 6) - -3?
6
What is 1 + -2 - (5 + (3 - 2))?
-7
What is the value of -51 + 61 + (-8 - 0)?
2
Calculate -9 + (-13 - -11 - -5).
-6
What is -8 + (2 + 4 + -4 - -5)?
-1
-2 + -3 + 8 - (-1 + -2)
6
14 + -1 + 0 - (3 + 2)
8
What is -4 + (0 - 5) + 6 - -9?
6
5 + (-3 - -1) - -2
5
Calculate -2 - (-4 + (-2 - -3 - -2)).
-1
What is -5 + (0 - -1) + 643 + -643?
-4
14 - (-8 - (-12 + 3)) - 9
4
Evaluate -2 + 0 + 2 + 2.
2
What is (2 + 2 - -1) + -5?
0
What is -5 + (-1 - 1) + (12 - -6)?
11
What is the value of 0 - (5 - (4 + 0))?
-1
Calculate 3 - (6 + -2) - 3.
-4
8 + -2 + (-65 - -52)
-7
What is 22 - 6 - (3 - -3)?
10
What is the value of -10 + (7 - -6) + -6?
-3
-36 + 32 - (3 + -3 + 1)
-5
What is the value of 0 - (4 - (7 - -4))?
7
What is (5 - 8) + (7 - (-2 + 1))?
5
Calculate 9 + -13 - (2 + 0).
-6
Calculate (2 - (4 + 1)) + 1.
-2
Calculate -9 + 14 - 1 - -4.
8
What is -4 + -7 + 20 + -8?
1
What is the value of (0 - -3) + (1 - (4 - -1))?
-1
Calculate 5 - ((0 - 2) + 2 - -4).
1
What is the value of -2 - -7 - (-18 + 26)?
-3
What is 0 + 2 + -13 + 6?
-5
What is the value of (-39 - -36) + -1 + -1?
-5
What is 1 - (3 + (-4 - -1))?
1
Calculate (2 - (2 - 5) - 2) + -10.
-7
Evaluate -4 + (-1 - -5 - -4) + -2.
2
What is (-11 - (0 + -3)) + 4?
-4
Calculate 1 + 2 + -5 + 3.
1
Calculate 0 - 9 - (-39 - -33).
-3
Evaluate (-1 + -4 - 0) + 5.
0
What is 29 - 9 - 10 - 8?
2
Evaluate 18 + -21 + 10 + -1.
6
Evaluate (19 - (11 + 1)) + (-1 - 1).
5
2 + -6 + 2 - 4 - -3
-3
-6 + (-1 - (3 + (-1 - 6)))
-3
Calculate -3 + -5 + 2 + (3 - 1).
-4
What is the value of -7 + 13 + -10 - (-1 + -1)?
-2
Evaluate -4 + -2 - (4 - 8) - -4.
2
What is the value of (27 - 17) + 0 + 0 - 4?
6
What is 5 - (-4 - (-6 - -4)) - 6?
1
What is the value of (1 - -7) + 2 + -5?
5
1 - (0 + 6 + -4)
-1
What is -5 + -3 + 1 - -4?
-3
Calculate 0 + 5 + 1 - (9 - 4).
1
Calculate 2 - (-6 + (6 - -6)).
-4
What is the value of -1 - (-5 + (4 - 1))?
1
What is the value of 7 + (-9 - -5) - (-1 - -7)?
-3
What is the value of 5 + 3 + (-5 - 2)?
1
Evaluate 2 - (2 + -5 + 2 + -1).
4
What is the value of -6 + ((-14 - -5) + 4 - -11)?
0
Calculate -5 + 10 + -6 + 0 + 5.
4
Evaluate 1 - ((5 - 1) + -3 + -3).
3
Calculate -211 + 197 - (0 - -1 - 8).
-7
Calculate (-11 - (-21 + 10)) + 1.
1
Evaluate 2 - (1 - -1) - (-8 - -9).
-1
What is the value of -10 - -6 - (-10 + 2)?
4
What is the value of -2 - (3 + -1 - -3 - 0)?
-7
8 - (-2 - (-6 - (-2 - -3)))
3
Evaluate 10 - (-3 - (4 - 10)).
7
2 + 13 + -10 + -9 + 1
-3
What is 0 - -5 - (-26 + 36)?
-5
Calculate (5 - 3) + (-1 - -3).
4
What is 7 - 4 - (12 - 10) - -8?
9
What is the value of (4 - (0 + 0)) + -3 - -2?
3
Evaluate 2 + -5 + (0 - (14 + -21)).
4
(7 - 0) + 0 + -18 + 7
-4
What is the value of 37 + -32 - (5 - 0)?
0
What is (8 - (1 + 0)) + 0?
7
What is the value of -1 + 2 + 8 + -8 + 2?
3
Evaluate 3 - (2 + (1 - -3)).
-3
Calculate -3 + 3 - (9 + -3 - 2).
-4
What is 0 + 4 + (-18 - -7 - -10)?
3
Calculate 14 + -1 + -21 - (0 - 6).
-2
Evaluate -5 + (2 - 5) + 12.
4
(1 - 1) + -11 + (25 - 15)
-1
What is the value of -11 + (-3 - 7 - -16)?
-5
What is (7 - 15) + 1 + 15?
8
What is the value of (5 - -2) + 16 + -11 + -10?
2
2 + 0 + 11 + -3 + -12
-2
Calculate -1 - (4 + -2 - 2).
-1
What is -2 + -2 + (-10 - -17) + -3?
0
Evaluate 1 + 0 + -3 + 1 + 6.
5
2 + 9 + -8 + 2
5
What is the value of 0 - (-3 + (-3 - -3)) - 0?
3
What is 0 + 1 - (22 + -19)?
-2
What is the value of -1 - (3 - -1) - 0?
-5
1 + -3 + 1 - -4
3
What is the value of 1 - (0 + 1) - (7 - 4)?
-3
Evaluate 3 + (-4 - (-7 + 8)).
-2
Calculate 17 - ((9 - 17) + 19).
6
What is (-4 - -2) + 8 + -4 + -3?
-1
What is the value of 11 + -12 + (-3 - 0)?
-4
Evaluate 7 + 0 + (-47 - -41).
1
(1 - -6) + -2 + 0 + -3
2
5 - 1 - (-46 - -44)
6
Calculate -5 + 9 - -1 - 16 - -5.
-6
What is 1 + (-1 + 5 - 2) + -2?
1
(-1 - -10) + 117 + -121
5
What is the value of (5 - 0) + 3 + -3?
5
Calculate (1 - 4) + 1 + (3 - 2).
-1
What is (3 - -3 - 3) + -4?
-1
What is the value of -3 - ((2 - 2) + 1)?
-4
Calculate (-1 - 2) + -17 + 8 + 8.
-4
What is the value of (1 + -3 - -3) + -1 - -3?
3
Calculate 4 + 4 + -1 + -5 + 4.
6
(6 - 8) + (0 - -4)
2
Evaluate 4 - -1 - (5 + 1).
-1
8 - (-3 - (-12 + 2) - 3)
4
Evaluate 5 + 0 - (-4 + 9 + 2).
-2
Calculate 10 + -2 + 0 + -13.
-5
What is the value of 4 + (-1 - 2) + 4?
5
Calculate 2 - 0 - (12 - (31 - 13)).
8
Evaluate 6 + -15 + 7 - -2.
0
What is -2 + (-3 - (-4 - (-4 + 3)))?
-2
What is the value of (-1 - (3 - 1)) + (1 - 3)?
-5
What is 5 + -1 - -1 - 2?
3
Evaluate 6 + (2 - (1 - -4 - 4)).
7
Evaluate 1 + -2 + 11 + (-11 - 2).
-3
Calculate 10 - (10 + 6) - -5.
-1
2 + 1 + -1 + 1 - 1
2
-1 - (-2 + 0) - 3
-2
What is 3 + (-4 - -4) + -5 - -4?
2
Calculate -5 - (0 - (-1 - 1 - -2)).
-5
Evaluate 0 + (-1 - 1) - (-186 - -183).
1
-1 + (5 - (2 - -7)) + 3
-2
Evaluate 1 + -8 + -7 + 11.
-3
What is the value of (4 - 1 - -4) + 11 + -12?
6
(4 + -5 - -5) + 0
4
Calculate (-2 - -1 - 0) + -3 - -4.
0
Calculate 4 - (2 + 1) - -3.
4
Evaluate -6 - (-6 - 7) - (-2 - 0).
9
Evaluate 31 - 30 - (3 + -1).
-1
4 + (-1 - (13 + -7)) + 9
6
What is 1 + 0 + -6 + 5?
0
What is the value of (3 - -3) + (-6 - (6 + -10))?
4
What is the value of 8 + -1 - (3 - -1)?
3
Calculate (-3 - (3 - 2 - 4)) + 0.
0
What is 5 + -1 + 1 + -7 + 6?
4
-7 + (7 - -5) + -1 - 7
-3
What is the value of -4 + (-1 - -10) + -15 + 10?
0
What is the value of 1 + 6 + (-2 - 0)?
5
What is (26 - 28) + 1 + -1 + 0?
-2
What is 1 - (2 - -2 - 3)?
0
What is -3 + 8 + -3 + (-4 - -1)?
-1
What is the value of 3 + 1 + (-6 - -3 - -2)?
3
Calculate -3 - (5 - 3 - -4).
-9
Evaluate (6 - (0 - 0) - 0) + -3.
3
0 + -1 + 1 + -3 + -1
-4
What is 2 + 1 - ((2 - 19) + 13)?
7
What is 6 - (-4 + (4 - 0))?
6
Calculate -3 + (6 - 7 - -1).
-3
What is 1 + 0 + (7 - 0) + -10?
-2
What is (57 - 56) + -8 + 2?
-5
What is the value of 3 - (16 - (11 + -1))?
-3
What is 4 - (-1 - -2) - 1?
2
-6 - -1 - (11 - 12 - 10)
6
2 - 10 - (0 + -3) - -1
-4
What is the value of -3 + -1 - (-3 + 1)?
-2
Calculate 13 + -11 + 2 + -1.
3
-7 - 7 - -2 - -8
-4
Calculate 0 + (0 - -2) - 3.
-1
Calculate -5 - (-4 + 5 + -8 - -4).
-2
2 + (-5 + 6 - (-2 - 0))
5
Calculate -15 + 12 - (-3 + -1).
1
Calculate 16 + -14 - (2 + 1).
-1
What is the value of 20 + -6 + (-4 - 4)?
6
-30 + 28 + (0 - -2)
0
(2 - 6) + (19 - 10)
5
What is 4 - (2 - -9 - 6)?
-1
What is the value of 2 + (-3 + 2 - (-3 - -5))?
-1
Calculate 3 + -4 - (3 - 0).
-4
What is 5 - (0 + -1 - (-33 + 30))?
3
(1 + -6 - -6) + 0
1
What is 19 + -5 + -12 + (1 - -2)?
5
What is 7 + -1 + -50 + 50?
6
Evaluate -10 + -8 + 13 - (0 - 10).
5
What is -4 - (-5 + (-1 - -2)) - -1?
1
What is the value of 4 + 4 + -6 + (7 - 4)?
5
Evaluate 6 + -4 + -3 + 6.
5
What is -11 + 12 + -4 + (7 - 2)?
2
What is (0 - 0) + 1 - -2 - 5?
-2
What is the value of (9 - -1) + -2 + -10 + 6?
4
6 + 2 + 6 + -10 + 2
6
-1 + 14 + -12 + -6 + -1
-6
Evaluate (-1 - -3) + -3 + -2 + 5.
2
2 + (78 + -70 - (7 + -1))
4
Calculate -2 + 1 + -3 + -1 + 6.
1
What is 3 + (1 - 0) + (-3 - -2)?
3
What is 2 - (-7 + 21 - 7)?
-5
(-4 + 3 + 2 - 2) + 2
1
What is the value of -68 + 74 - (1 - -8)?
-3
-2 + 13 + -2 + -4
5
Evaluate (-7 - (2 - -1 - 9)) + -9.
-10
Evaluate 8 + -3 + (-5 - -2) + 1.
3
Evaluate 5 - (-4 - (-2 - 2) - 1).
6
(4 - -7) + (-4 - 2)
5
Calculate (3 - (9 - 5)) + -1.
-2
Calculate 4 + 6 + (5 - 23) + 1.
-7
Evaluate -4 + 10 + (1 - 7).
0
What is the value of 6 - 2 - (3 - 2)?
3
6 + (-1 - (0 + 0 - -1))
4
Calculate 2 + -8 + -5 + 1 + 7.
-3
What is 84 - 75 - (1 - -2)?
6
What is the value of 9 - 7 - (-1 + -1)?
4
(-3 - -6) + -31 + 20
-8
Calculate (-6 - 0) + (0 - (-4 + 2)).
-4
What is 4 + (4 - (-1 + 0 - -15))?
-6
What is (0 - -2) + (-297 - -294)?
-1
Calculate -5 + 5 + 3 + -6 + -4.
-7
(-4 - -4) + -3 + 6
3
What is -13 + -1 + -5 + 16?
-3
Calculate (-2 - 1) + 0 + (-14 - -18).
1
What is the value of 6 - ((6 - 0) + 2)?
-2
What is the value of 0 + -3 + (3 - (3 + -5))?
2
What is the value of 5 - 6 - (-1 + 1)?
-1
What is the value of -6 + (-8 - -31) + -9?
8
What is 5 + 0 - (5 - -2)?
-2
Calculate 3 + (-1 - -1 - 2).
1
What is (6 - 3) + (2 - 0)?
5
Evaluate 4 + -1 + (5 - 0 - 11).
-3
Evaluate (-1 - (0 